5
Evaluate -1 + 1 + -3 + 6.
3
Calculate (-185 - -175) + (46 - (3 - 1)) - 1.
33
What is the value of (-5 - (13 - 7 - 6) - 1) + 5?
-1
Calculate 11 - ((-11 - -30) + -10).
2
Evaluate -6 - ((-1 + -8 - -15) + -12 + 3).
-3
Calculate 776 - 779 - (3 - (-2 + 1 + 1)).
-6
(6 + 3 - 11 - 1) + -12
-15
What is 15 + (2 + 6 - (21 - 6))?
8
What is the value of 1 + -1 - (11 + 24 - 26)?
-9
12 + (-21 - -8) - (-9 + 14 - -6)
-12
What is (-21 - -14) + 29 + -7?
15
Evaluate -7 + 14 - (-12 - -5 - (7 + 0)).
21
What is (-12 - -1) + (-15 - (-5 + -10)) + 5?
-6
-10 - (7 + -7 + -3 + 5 + 2)
-14
Calculate -22 - (5 - (11 + 3)).
-13
(-4 + 0 - 22) + 13 + 1 + 0
-12
Calculate 25 - ((66 - 28) + -23).
10
What is -8 - ((8 - ((26 - 9) + 0)) + -4)?
5
-6 - (2 - (-2 + -1)) - -2
-9
Evaluate (8 - 13) + 4 + 5 + 5 + -6.
3
Calculate 35 - (13 + 19) - (-9 + 2 + 1).
9
571 - 563 - (7 + 1 - 1)
1
What is the value of 0 + -10 + 15 - 4?
1
-51 - (-13 - 2) - 1 - -4
-33
-9 + -11 + 2 + -8 + 4
-22
Calculate (40 - -7 - 26) + (1 - -2).
24
Evaluate 26 + 12 + -2 + -36 + (22 - -5).
27
What is -8 + 5 - 9 - ((-7 - -5) + 4)?
-14
Evaluate (-8 - 14 - -27) + (0 - -4).
9
What is the value of -15 + 6 + 7 + 10?
8
What is -20 - 3 - ((3 - 4 - 0) + -2)?
-20
What is the value of -45 + (73 - (52 - 6))?
-18
What is 188 - 207 - (-24 - 0)?
5
What is the value of -3 + 12 + (5 + -4 - -10 - 44)?
-24
What is the value of 27 - (-29 - -48 - -15)?
-7
What is the value of -236 + 226 - (-23 + 0)?
13
165 + -203 + 4 + -2 + 4
-32
Evaluate -4 + 0 + -16 + (257 - 275).
-38
Evaluate (12 - 8) + 14 + -25 + 9 + 2.
4
What is (-2 - (22 - (-7 + 13))) + 1?
-17
What is -17 + (11 - 15 - 4)?
-25
Calculate 29 + (2 - (6 + -8) - (1 - -10)).
22
Calculate -1 + 8 - 2 - (6 - (11 + 10)).
20
0 + (-1 - 3) + 65 + -74
-13
What is the value of (25 - 35) + 43 + -43?
-10
Evaluate -2 + -16 - (49 + -58) - -34.
25
Calculate -5 - ((5 - 0) + -3).
-7
-18 - (-14 + (1 - 17))
12
What is -7 + 4 + (-4 - -6) + 4?
3
What is the value of 60 + 29 - 44 - 44?
1
Calculate (-1 - 4) + (-23 - (-10 - 22)).
4
Evaluate 4 + (20 - (-2 + -6 - -7)) - -4.
29
Calculate -1 + 9 - ((17 - 37) + (17 - 0)).
11
What is (-24 - (9 - (-2 + 22))) + 3 + -13?
-23
Evaluate 17 + -3 + (-9 + 8 - 4).
9
Evaluate -6 + (11 - (-3 - -1)) + 6.
13
Evaluate 9 + (3 - 8) - (-12 - -3).
13
Calculate -12 + -6 + -16 + -2 + 6.
-30
Evaluate -2 + (1 + (1 - -1) - (-51 - -54)).
-2
What is 19 - 1 - (-204 + 211)?
11
Evaluate 0 + 16 + (-3 + (8 - -9) - 16).
14
11 + 8 + -9 + -14
-4
Calculate 0 + (-12 - (-15 - -6)) + 0.
-3
What is 125 - 107 - (25 - 0)?
-7
What is the value of -21 - (-22 - -3 - (41 + -48))?
-9
What is the value of -4 - -7 - -11 - 1 - (-57 + 63)?
7
Evaluate 10 - (-5 + (-8 - -30 - 8) - -4).
-3
-10 + (6 - (14 - (-10 - -14)))
-14
What is -4 + (10 - -2) - (2 + -22 + 14)?
14
What is the value of 34 + -3 + -12 + -11?
8
(-7 - 6 - (3 + -9)) + (1 - 23)
-29
Calculate -16 + -16 + 2 + 1.
-29
Calculate 1 - ((7 - 4 - -3) + (2 - 5)).
-2
What is the value of 0 + (14 + 2 - 4) + (-8 - -3)?
7
What is (7 - 15) + 3 + 2?
-3
32 + -40 + 19 - 0
11
29 - (23 + 11) - (-1 - 9)
5
51 - 55 - (3 + (3 - 3))
-7
What is the value of 57 + -63 - (-9 + (-3 + 7 - 0))?
-1
Evaluate (-36 - -70) + -4 + -54.
-24
Calculate -2 - (-6 + -5 + 0).
9
Calculate 0 + 29 + -15 - 0.
14
Calculate -9 + 11 + 6 + -18 + -3.
-13
What is 7 + -32 - -32 - (2 + -7)?
12
1 + -1 - (46 - 24)
-22
What is the value of 37 + (27 - (4 - -50))?
10
What is 19 + -1 + 1 + -23 + 27 + -1?
22
-8 - (6 + -16 + 11)
-9
Evaluate -9 - (-41 + (52 - 28)).
8
What is the value of -14 - (-8 + 4 + -11) - -4?
5
Evaluate 3 - -3 - 1 - ((5 - 4) + 23).
-19
What is the value of -1 + 1 + (-4 - 4 - 8) - -6?
-10
What is (99 - 108) + 1 + 9?
1
What is the value of 7 - (11 + -2 + (12 - 9))?
-5
What is (-5 - (3 + -3)) + (16 - 20)?
-9
What is -1 + (2 - 0) - (-41 + (47 - -3))?
-8
Calculate -225 - -236 - ((3 - 1) + -15).
24
What is 4 - -37 - (-116 + 133)?
24
Evaluate (3 - 22) + 7 - (-29 + -7).
24
Evaluate -1 + -22 + (-721 - -738).
-6
Evaluate -1 + -4 - (-61 + 71) - -11 - -23.
19
-25 + (4 - (7 + -3) - (-10 + 11))
-26
Calculate 6 - (8 + 9 + 0) - -8.
-3
What is 6 - ((-10 - 23) + 16)?
23
Evaluate -23 - (-16 - (0 - 3)) - (-1 + 6).
-15
Evaluate 24 - (1 + 0) - (30 - (35 + -9)).
19
-12 + -9 - (-44 + 16)
7
Calculate 2 + (-13 - 0 - -8) + 13.
10
What is the value of 7 - (4 + -4) - (-4 - 2)?
13
What is -4 - (0 + 0 + (-6 - -13 - 7))?
-4
Calculate 4 + (-2 + (5 - 8) + 0 - -10).
9
What is the value of 17 + -5 - (-21 - -13)?
20
What is (3 + -6 + 1 - 0) + -6?
-8
What is the value of (-5 - -9) + 19 + -11 + 1?
13
Calculate 55 + -49 + (-8 - -4) + 1.
3
Evaluate -11 - ((6 - 3 - 17 - -8) + -28).
23
Calculate -4 + (6 - 3) + 8 + -2 - 8.
-3
What is -11 - (3 + -6 - (10 + -10))?
-8
-5 + 0 + 956 + -963
-12
What is the value of -12 + (-7 - -1 - -6)?
-12
What is 0 + -1 + (5 + -7 - -6 - 11)?
-8
8 + 6 + -7 + -3
4
Evaluate (-13 - -56) + -29 + -24.
-10
2 + 10 + 17 + (-1 - -2 - 14)
16
1 + -6 - (0 - (-15 + -7 + 24))
-3
58 - 68 - (-17 - 7)
14
Calculate 2 + 0 + -4 + 1 - (-2 + 1).
0
Calculate (148 - 161) + 1 + -1 + -12.
-25
Calculate 1 + 0 + 2 - (-4 + 7).
0
Calculate (2 - 12) + 16 + 1.
7
Calculate (8 - (18 + -3)) + (-10 - -37).
20
What is the value of 6 + -13 - ((-4 - -7) + -15)?
5
Evaluate -98 - -103 - (-3 - -14).
-6
10 - 0 - (-362 - -379)
-7
Calculate -1 + (1 + (-10 - -17) - 8 - 7).
-8
7 - (-17 + 11 + 10)
3
Calculate -169 + 191 + (-18 - 1).
3
What is (1 - -5 - (-23 - 1) - 5) + -6?
19
5 + (-1 - 3) + -6 + 11 + -10
-4
What is (0 - (9 + (-8 - -1) + -2)) + -9?
-9
(18 - (-4 - 15)) + -13 + 6
30
What is the value of -5 + -7 + 11 + -5 - (6 - 0)?
-12
What is -27 - (-21 - 3) - (0 - 3 - -1)?
-1
What is the value of -16 + -15 + 37 + -10?
-4
What is the value of (1 - -23) + 3 + 20 + 5 + -23?
29
-3 + -4 + (-1 - -5) - (-52 + 47)
2
What is 0 - (4 + -1 + (10 - 4 - 0))?
-9
Evaluate -6 + (8 - (1 - -6) - -15) + 6.
16
Calculate (8 - (9 - -8 - 13)) + -29.
-25
What is 5 + -1 - (-24 + 24) - 14?
-10
Calculate 7 + -8 - ((1 - 2) + 9).
-9
Evaluate -9 + (2 + -7 - -21) - (-2 + 8).
1
What is 7 + ((-7 - -2) + -3 - 7)?
-8
Calculate 3 + -1 + 18 + (-3 - 8).
9
What is (-15 - (-6 + -14 + 10)) + 11?
6
What is the value of (-14 + 10 - -7) + -18?
-15
What is -1 + -32 - (-2287 - -2274)?
-20
Evaluate -5 + 0 + (-55 - -91).
31
Evaluate (1 - 3) + (55 - 54) - (-3 + 0).
2
Evaluate 11 - (-10 - -25 - 23).
19
38 + 5 + -25 - (1 + 7)
10
Calculate -7 + -10 - (5 + 6 + 0 + -9).
-19
Calculate -4 + (7 + 5 - 8) + 6.
6
What is 9 + -7 - 7 - (-3 + 7)?
-9
Calculate (-4 - -8) + -61 + 65 - -1.
9
Calculate -7 + (-37 - (-28 + 6)).
-22
Calculate (-7 - (3 + 18 + -7)) + 14.
-7
Evaluate (-20 + 3 - ((-15 - -12) + -6)) + 28.
20
Evaluate (-21 + 6 - -14) + -4.
-5
Calculate (-27 - (-11 - -11)) + 27.
0
24 - (22 - 32 - -67)
-33
What is the value of (-29 - (-29 + 18)) + -7?
-25
What is the value of 21 + (0 - -2 - (-1 + 5) - 6)?
13
13 + (-16 - -12) + -2
7
(-8 - 1 - (-13 - 8)) + 0
12
What is (8 + -5 - 1) + 2 + -4?
0
Evaluate (-4 - -1) + (-2 - (-14 - (-1 + 1))).
9
What is the value of 12 - (9 + 25 + -16)?
-6
61 - 31 - (21 + 5)
4
Evaluate -1 - -18 - (1 + 19).
-3
21 + (-22 - (10 - 21))
10
Evaluate 16 + 3 - (-391 + 395).
15
What is (-37 - -12) + 21 + -2?
-6
-5 + (5 - (0 + -2 - 4))
6
What is 3 - -2 - (85 - 70)?
-10
What is the value of -6 - 2 - (6 + (-14 + 10 - 4))?
-6
Calculate -1 - (10 - 2) - (7 - 10).
-6
Calculate 7 - (1 + 1 + (76 - 72)).
1
What is -6 + 12 + -7 + (8 - 8)?
-1
(-4 - 3 - (-2 + 0)) + -7
-12
What is the value of -6 + -23 - (-50 + 8)?
13
Evaluate 12 + (-8 - 4) - (3 + 15).
-18
Evaluate -7 + 32 + -15 + -2 + -6 + 1.
3
Evaluate -9 + (-5 - (8 + (-10 - 13))).
1
Evaluate (-2933 - -2928) + (4 - 12 - (-1 + 3)).
-15
What is the value of 114 + -113 + -1 + 4?
4
-2 - (1 - 1) - (-9 - (13 - 22))
-2
Calculate -6 + -2 + 7 + -4.
-5
Evaluate 8 - (11 + (8 - (10 + -10))).
-11
What is the value of (0 - 33) + (-8 - -31) + -11?
-21
What is the value of 6 - ((-7 - (-4 + -6)) + -5)?
8
What is the value of 7 - (10 - 3 - 1) - -31 - 7?
25
What is the value of (-40 - -112) + -52 - (1 - (-5 + 0))?
14
Evaluate (25 - 13) + 5 - ((0 - 1) + 2).
16
35 - 12 - (-21 - -50)
-6
What is (-41 - (-30 + -17)) + -26?
-20
Calculate 2 + -1 + (-11 - (-12 + 17) - -10).
-5
39 - 21 - 21 - 5
-8
Evaluate 53 + -54 - (-16 - -1) - -8.
22
(1 - (-45 - -6)) + -24
16
What is -14 + (-2 - (-6 - 2)) + -